{"id":11,"date":"2021-04-01T12:40:47","date_gmt":"2021-04-01T12:40:47","guid":{"rendered":"https:\/\/casdina.com\/jean-piaget-irapuato\/?page_id=11"},"modified":"2024-04-18T23:32:54","modified_gmt":"2024-04-19T05:32:54","slug":"home","status":"publish","type":"page","link":"https:\/\/casdina.com\/jean-piaget-irapuato\/","title":{"rendered":"Home"},"content":{"rendered":"","protected":false},"excerpt":{"rendered":"","protected":false},"author":1,"featured_media":0,"parent":0,"menu_order":0,"comment_status":"open","ping_status":"closed","template":"","meta":{"footnotes":""},"class_list":["post-11","page","type-page","status-publish","hentry"],"yoast_head":"<!-- This site is optimized with the Yoast SEO plugin v26.0 - https:\/\/yoast.com\/wordpress\/plugins\/seo\/ -->\n<title>Uniformes de la escuela Jean Piaget Irapuato | Casdina<\/title>\n<meta name=\"description\" content=\"Compra el uniforme escolar de Jean Piaget Irapuato de forma segura y f\u00e1cil en CASDINA, tu proveedor de confianza con m\u00e1s de 50 a\u00f1os de experiencia en la fabricaci\u00f3n de uniformes escolares.\" \/>\n<meta name=\"robots\" content=\"index, follow, max-snippet:-1, max-image-preview:large, max-video-preview:-1\" \/>\n<link rel=\"canonical\" href=\"https:\/\/casdina.com\/jean-piaget-irapuato\/\" \/>\n<meta property=\"og:locale\" content=\"es_ES\" \/>\n<meta property=\"og:type\" content=\"article\" \/>\n<meta property=\"og:title\" content=\"Uniformes de la escuela Jean Piaget Irapuato | Casdina\" \/>\n<meta property=\"og:description\" content=\"Compra el uniforme escolar de Jean Piaget Irapuato de forma segura y f\u00e1cil en CASDINA, tu proveedor de confianza con m\u00e1s de 50 a\u00f1os de experiencia en la fabricaci\u00f3n de uniformes escolares.\" \/>\n<meta property=\"og:url\" content=\"https:\/\/casdina.com\/jean-piaget-irapuato\/\" \/>\n<meta property=\"og:site_name\" content=\"Jean Piaget Irapuato\" \/>\n<meta property=\"article:modified_time\" content=\"2024-04-19T05:32:54+00:00\" \/>\n<meta name=\"twitter:card\" content=\"summary_large_image\" \/>\n<script type=\"application\/ld+json\" class=\"yoast-schema-graph\">{\"@context\":\"https:\/\/schema.org\",\"@graph\":[{\"@type\":\"WebPage\",\"@id\":\"https:\/\/casdina.com\/jean-piaget-irapuato\/\",\"url\":\"https:\/\/casdina.com\/jean-piaget-irapuato\/\",\"name\":\"Uniformes de la escuela Jean Piaget Irapuato | Casdina\",\"isPartOf\":{\"@id\":\"https:\/\/casdina.com\/jean-piaget-irapuato\/#website\"},\"datePublished\":\"2021-04-01T12:40:47+00:00\",\"dateModified\":\"2024-04-19T05:32:54+00:00\",\"description\":\"Compra el uniforme escolar de Jean Piaget Irapuato de forma segura y f\u00e1cil en CASDINA, tu proveedor de confianza con m\u00e1s de 50 a\u00f1os de experiencia en la fabricaci\u00f3n de uniformes escolares.\",\"breadcrumb\":{\"@id\":\"https:\/\/casdina.com\/jean-piaget-irapuato\/#breadcrumb\"},\"inLanguage\":\"es\",\"potentialAction\":[{\"@type\":\"ReadAction\",\"target\":[\"https:\/\/casdina.com\/jean-piaget-irapuato\/\"]}]},{\"@type\":\"BreadcrumbList\",\"@id\":\"https:\/\/casdina.com\/jean-piaget-irapuato\/#breadcrumb\",\"itemListElement\":[{\"@type\":\"ListItem\",\"position\":1,\"name\":\"Portada\",\"item\":\"https:\/\/casdina.com\/jean-piaget-irapuato\/\"},{\"@type\":\"ListItem\",\"position\":2,\"name\":\"Home\"}]},{\"@type\":\"WebSite\",\"@id\":\"https:\/\/casdina.com\/jean-piaget-irapuato\/#website\",\"url\":\"https:\/\/casdina.com\/jean-piaget-irapuato\/\",\"name\":\"Jean Piaget Irapuato\",\"description\":\"Uniformes de calidad hechos en M\u00e9xico\",\"potentialAction\":[{\"@type\":\"SearchAction\",\"target\":{\"@type\":\"EntryPoint\",\"urlTemplate\":\"https:\/\/casdina.com\/jean-piaget-irapuato\/?s={search_term_string}\"},\"query-input\":{\"@type\":\"PropertyValueSpecification\",\"valueRequired\":true,\"valueName\":\"search_term_string\"}}],\"inLanguage\":\"es\"}]}<\/script>\n<!-- \/ Yoast SEO plugin. -->","yoast_head_json":{"title":"Uniformes de la escuela Jean Piaget Irapuato | Casdina","description":"Compra el uniforme escolar de Jean Piaget Irapuato de forma segura y f\u00e1cil en CASDINA, tu proveedor de confianza con m\u00e1s de 50 a\u00f1os de experiencia en la fabricaci\u00f3n de uniformes escolares.","robots":{"index":"index","follow":"follow","max-snippet":"max-snippet:-1","max-image-preview":"max-image-preview:large","max-video-preview":"max-video-preview:-1"},"canonical":"https:\/\/casdina.com\/jean-piaget-irapuato\/","og_locale":"es_ES","og_type":"article","og_title":"Uniformes de la escuela Jean Piaget Irapuato | Casdina","og_description":"Compra el uniforme escolar de Jean Piaget Irapuato de forma segura y f\u00e1cil en CASDINA, tu proveedor de confianza con m\u00e1s de 50 a\u00f1os de experiencia en la fabricaci\u00f3n de uniformes escolares.","og_url":"https:\/\/casdina.com\/jean-piaget-irapuato\/","og_site_name":"Jean Piaget Irapuato","article_modified_time":"2024-04-19T05:32:54+00:00","twitter_card":"summary_large_image","schema":{"@context":"https:\/\/schema.org","@graph":[{"@type":"WebPage","@id":"https:\/\/casdina.com\/jean-piaget-irapuato\/","url":"https:\/\/casdina.com\/jean-piaget-irapuato\/","name":"Uniformes de la escuela Jean Piaget Irapuato | Casdina","isPartOf":{"@id":"https:\/\/casdina.com\/jean-piaget-irapuato\/#website"},"datePublished":"2021-04-01T12:40:47+00:00","dateModified":"2024-04-19T05:32:54+00:00","description":"Compra el uniforme escolar de Jean Piaget Irapuato de forma segura y f\u00e1cil en CASDINA, tu proveedor de confianza con m\u00e1s de 50 a\u00f1os de experiencia en la fabricaci\u00f3n de uniformes escolares.","breadcrumb":{"@id":"https:\/\/casdina.com\/jean-piaget-irapuato\/#breadcrumb"},"inLanguage":"es","potentialAction":[{"@type":"ReadAction","target":["https:\/\/casdina.com\/jean-piaget-irapuato\/"]}]},{"@type":"BreadcrumbList","@id":"https:\/\/casdina.com\/jean-piaget-irapuato\/#breadcrumb","itemListElement":[{"@type":"ListItem","position":1,"name":"Portada","item":"https:\/\/casdina.com\/jean-piaget-irapuato\/"},{"@type":"ListItem","position":2,"name":"Home"}]},{"@type":"WebSite","@id":"https:\/\/casdina.com\/jean-piaget-irapuato\/#website","url":"https:\/\/casdina.com\/jean-piaget-irapuato\/","name":"Jean Piaget Irapuato","description":"Uniformes de calidad hechos en M\u00e9xico","potentialAction":[{"@type":"SearchAction","target":{"@type":"EntryPoint","urlTemplate":"https:\/\/casdina.com\/jean-piaget-irapuato\/?s={search_term_string}"},"query-input":{"@type":"PropertyValueSpecification","valueRequired":true,"valueName":"search_term_string"}}],"inLanguage":"es"}]}},"_links":{"self":[{"href":"https:\/\/casdina.com\/jean-piaget-irapuato\/wp-json\/wp\/v2\/pages\/11","targetHints":{"allow":["GET"]}}],"collection":[{"href":"https:\/\/casdina.com\/jean-piaget-irapuato\/wp-json\/wp\/v2\/pages"}],"about":[{"href":"https:\/\/casdina.com\/jean-piaget-irapuato\/wp-json\/wp\/v2\/types\/page"}],"author":[{"embeddable":true,"href":"https:\/\/casdina.com\/jean-piaget-irapuato\/wp-json\/wp\/v2\/users\/1"}],"replies":[{"embeddable":true,"href":"https:\/\/casdina.com\/jean-piaget-irapuato\/wp-json\/wp\/v2\/comments?post=11"}],"version-history":[{"count":1,"href":"https:\/\/casdina.com\/jean-piaget-irapuato\/wp-json\/wp\/v2\/pages\/11\/revisions"}],"predecessor-version":[{"id":424,"href":"https:\/\/casdina.com\/jean-piaget-irapuato\/wp-json\/wp\/v2\/pages\/11\/revisions\/424"}],"wp:attachment":[{"href":"https:\/\/casdina.com\/jean-piaget-irapuato\/wp-json\/wp\/v2\/media?parent=11"}],"curies":[{"name":"wp","href":"https:\/\/api.w.org\/{rel}","templated":true}]}}